 What is the tens digit of d?
1
Let s(i) = 4*i**3 - 2*i**2 + 1. Let g be s(1). Let k be 2 + -7 + -1 + g. Let l = 4 + k. What is the units digit of l?
1
Suppose -1 = -3*v + 2*v. Let j be -3 - v/((-1)/6). Suppose -2*r - 24 = -j*n + n, 20 = -4*r. What is the units digit of n?
7
Suppose -5*t + 3*v = -3*t - 20, -96 = -5*t - 4*v. What is the units digit of t?
6
Let x(z) = -z**2 + 2. Let p be x(0). Suppose -15*q = -10*q - 10. Suppose -4*i + 17 = -v, -4*i + 8 = -p*v - q*v. What is the units digit of v?
3
Let s = 53 + -37. What is the tens digit of s?
1
Suppose -9*g = 973 - 3313. What is the tens digit of g?
6
Let s(q) = -q**2 + 9*q + 7. What is the units digit of s(9)?
7
Let g be (11/(-2))/((-4)/16). Suppose 3*p - g - 77 = 0. What is the tens digit of p?
3
Let h(l) = -l**2 - 11*l - 14. Let v be h(-10). What is the units digit of 12/(v*2/(-4))?
6
Suppose k - 18 = -3*k - 5*q, 0 = 4*k - 4*q. Let i be 2/(-5) - k/(-5). Let w(n) = n + 2. What is the units digit of w(i)?
2
Suppose -32 = -3*c - 5*b, -5*c + 75 = -4*b - 3. What is the tens digit of c?
1
Suppose 0*o + 2*o = u - 9, -3*u - o - 1 = 0. What is the units digit of u?
1
Suppose 2*x - 4*q + 91 - 341 = 0, -4*x = q - 509. What is the hundreds digit of x?
1
What is the tens digit of (534/2)/(1 - (-2 - -2))?
6
Let r = -7 - 0. Let u(n) = n**3 + 8*n**2 + 8*n + 9. What is the units digit of u(r)?
2
Suppose -2*s + 14 - 50 = 0. Let c = 2 - s. What is the units digit of c?
0
Let c be 3 + ((-6)/(-2) - 3). Suppose 2 - 53 = -c*x. What is the tens digit of (x - 2) + (-3)/1?
1
Let t = 3 - 3. Let s = -3 + t. Let y = s + 6. What is the units digit of y?
3
Suppose 400 = 6*n - n. What is the tens digit of n?
8
Suppose 3*k - 258 = -5*f, 5*k - 320 = -5*f - 60. What is the units digit of f?
1
Let q = -3 + 8. Suppose q*j = 5*v - 60, 2*v - 8 = -3*j + j. Suppose 0 = -2*r - 3*m + v, -2*m + 13 = r - 5*m. What is the units digit of r?
7
Let y be (-2 - -2)*(-1)/2. Suppose d - 4 = -t - y*t, 3*t + 4*d - 12 = 0. Let w = t + -3. What is the units digit of w?
1
Suppose -12 = -2*t + 3*j, 24 = 4*t - 3*j - 0. What is the units digit of t?
6
Let l = 63 - 41. What is the units digit of l?
2
Let r(w) = 2*w**2 - w - 12. Let n(c) = -c. Let i(u) = n(u) - r(u). What is the tens digit of i(0)?
1
Let h(w) = 2*w**2 - 4*w + 11. What is the tens digit of h(5)?
4
Let j(w) = 4*w - 5. Let x = -2 + 9. What is the tens digit of j(x)?
2
What is the units digit of 354/5 - 3/(-15)?
1
Let u be -1*(0 + 0) - 1. What is the units digit of 2 - (-10*1 + u)?
3
Suppose -7*n - 2*x + 390 = -2*n, 4*x + 100 = n. What is the tens digit of n?
8
What is the tens digit of (1*141/(-9))/(9/(-27))?
4
Suppose 2037 + 553 = 14*b. What is the hundreds digit of b?
1
Suppose -10*n = 7*n - 5797. What is the hundreds digit of n?
3
Suppose 0 = 4*b + 13 - 61. Suppose -48 - b = -5*q. Let j = -3 + q. What is the units digit of j?
9
Let n = 3 - 17. Let a = -7 - n. What is the units digit of a?
7
Let s = -37 + 50. What is the units digit of s?
3
Suppose 0 = -5*c - m + 306, c + 2*c = -3*m + 174. What is the units digit of c?
2
Let v be ((-6)/(-18))/((-1)/(-15)). Suppose -v*c = 2*h - 119, 4*c - 5*h - 82 + 0 = 0. What is the tens digit of c?
2
What is the units digit of (-1948)/(-14)*1 - (-18)/(-126)?
9
Let m(y) = 5*y**2 + 2. Let j(u) = 4*u**2 + u + 2. Let g(w) = -6*j(w) + 5*m(w). Let c be g(6). Let l = c + 3. What is the units digit of l?
1
Let r be -2*31*2/(-4). Suppose -5*u + 19 = -r. What is the units digit of u/8 + 3/(-12)?
1
Let p(t) = t + 7. Let c be (-9)/15 + (-36)/(-10). Let j be (-3 - (c - 9)) + 3. What is the tens digit of p(j)?
1
Let q(p) = -2*p**3 - 2*p**2 - 6*p + 8. What is the units digit of q(-5)?
8
Let l be (7/(-2) + 0)*-4. Let q = l + -8. What is the units digit of q?
6
Suppose -108 = -2*o - 4*j, 2*j + 0 = 6. What is the units digit of o?
8
Suppose 3*f - 4*f = -165. What is the tens digit of f?
6
Let f(g) be the second derivative of g**4/12 + g**3/6 - 3*g. Let v be f(-1). Suppose -3 = -3*m - v. What is the units digit of m?
1
Let p = -10 + 3. Let j = p + 30. What is the units digit of j?
3
Let z be (-4)/(8/(-46)) - -2. Suppose 0 = 6*f - f - z. What is the units digit of f?
5
Suppose 3*q = 4 + 8. Suppose 0 = 5*c - 4*n - 32, 11 = -q*n - 1. What is the units digit of c?
4
Let u be ((-16)/10)/((-2)/5). Suppose 15 = -f + u*f. What is the units digit of f?
5
Let t = 1 - -5. Let k be (-77)/21 + (-2)/t. What is the units digit of -5*(k/(-10))/(-1)?
2
Suppose -42 = -3*d - 12. Let w = 1 + d. What is the tens digit of w?
1
What is the tens digit of 1*((-1729)/(-28) - (-1)/4)?
6
Suppose -3 - 9 = -3*q. Let d(f) = -q*f + f**2 + 3 - 1 + f. What is the units digit of d(3)?
2
Suppose 0 = 2*f + 4, 3*f = 3*w + f - 55. What is the tens digit of w?
1
Suppose -a - 9 = -2. Let z(m) = -m + 2. What is the units digit of z(a)?
9
Let i be (0 - 0) + (-2 - -1). Let z(x) = -11*x**3 - x - 1. What is the units digit of z(i)?
1
Let o = -53 + 80. What is the units digit of o?
7
Let w = -25 - -35. What is the units digit of (-2)/10 - (-272)/w?
7
Let t(g) = -g**3 + 10*g**2 - 8*g - 10. Let r be t(9). Let c(f) = -3*f**3 - f**2 - f - 1. What is the units digit of c(r)?
2
What is the units digit of (37 - (-8)/(-12)*3) + 0?
5
Let m be (6 + -8)*9/(-1). Suppose 4*b - m = -5*k + 63, -4*k = b - 67. What is the tens digit of k?
1
Suppose 4*x + 3*y = 2*y + 12, 20 = -5*y. Let t be (22/4)/(2/x). Let q = -1 + t. What is the tens digit of q?
1
Let p(i) = 8*i + 3. Let u(v) = -2*v - 1. Let d(x) = -2*p(x) - 9*u(x). What is the tens digit of d(6)?
1
Suppose z - 13 - 7 = 0. Let d be 65/z + (-1)/4. What is the units digit of (2 - d)/((-1)/7)?
7
Let g(q) be the second derivative of -1/20*q**5 - 2/3*q**4 + 0 + 2*q**2 - 4/3*q**3 + 3*q. What is the tens digit of g(-7)?
1
Let r(q) = q**2 - 6*q + 1. Let k be r(7). Let l = k - 5. Suppose l*t + t = 28. What is the units digit of t?
7
Let t be (-3)/(-2) + 87/(-6). Let w = 23 + t. What is the units digit of w?
0
Suppose 88 = 4*w + 16. What is the tens digit of w?
1
Let g = -21 - -20. Let u = 3 - g. What is the units digit of u?
4
Suppose -58 - 157 = 5*g. Let k = -17 - g. What is the tens digit of k?
2
What is the tens digit of 28 + -4 + (-1 - -2)?
2
Let f = 57 - -129. What is the tens digit of f?
8
Let z(x) = -3*x + 2*x - 1 + 1. What is the units digit of z(-3)?
3
Let z(k) = k**2 - 4*k + 1. Let u be z(3). Let l(j) = -j + 2 + 2*j**2 + 2*j**3 - j**3 + j**2. What is the units digit of l(u)?
8
Suppose -q = -43 - 8. What is the tens digit of q?
5
Suppose u - 5*i + 130 = 3*u, -3*i = 5*u - 306. Let a = u - 40. What is the units digit of a?
0
Suppose -39 - 82 = -f - 5*w, 2*f - 4*w = 186. What is the units digit of f?
1
Let s(r) = -r**2 + 2*r**2 + 24*r - 27*r - 4. What is the units digit of s(5)?
6
Let a = -56 + 98. What is the tens digit of a?
4
Let f(v) = v**3 - 3*v**2 - 3*v + 5. Let l = 1 + 3. What is the units digit of f(l)?
9
Let f(l) = 7*l**2 + 4*l - 4. What is the tens digit of f(3)?
7
Let g = 118 - 181. What is the units digit of (-2)/8 + g/(-12)?
5
Suppose 3*g + 2*z = 6, 0 = -5*g - 4*z - 2 + 14. Let s = -4 + 9. Suppose -s = -g*n - n. What is the units digit of n?
5
Let v(f) be the third derivative of -f**7/2520 - f**5/30 - 3*f**2. Let g(q) be the third derivative of v(q). What is the units digit of g(-2)?
4
Suppose -2*a - 518 = -4*d, d + 0*a - 125 = -4*a. What is the tens digit of d?
2
Let k(a) be the third derivative of -a**6/120 - a**5/60 + 5*a**4/24 + 2*a**3/3 + a**2. Let x = 7 + -10. What is the units digit of k(x)?
7
Let t = -53 + 38. What is the tens digit of (t/(-12))/((-2)/(-40))?
2
Let b(u) = u + 13. Let o be b(0). Let t = -7 + o. What is the units digit of t?
6
Suppose 223 = y + y - 5*d, 5*y + 4*d = 640. What is the units digit of y?
4
Suppose -4*z = -4*p - 272, 20 + 318 = 5*z - 3*p. What is the units digit of z?
7
Let b = -29 + 63. What is the units digit of b?
4
Let t(l) = -l**2 + 8*l - 2. Let k be t(7). Suppose -k*c + 107 = 12. Let n = c - 11. What is the units digit of n?
8
What is the units digit of 12*((-42)/(-8) + -3)?
7
Suppose -5*t - 60 = -t. What is the units digit of 5/t + 38/6?
6
Let y be (1/(-2))/((-1)/(-12)). Let t(c) = c**2 + 6*c + 4. Let k be t(y). Let u = 1 + k. What is the units digit of u?
5
Suppose -2*c - 3 = -55. What is the units digit of c?
6
Let c = -5 -